6210
In base 6, what is -3143135 - 10?
-3143145
In base 15, what is 3 - 4a014e?
-4a014b
In base 14, what is 26 - -36153?
36179
In base 15, what is 502d4 + 43?
50327
In base 14, what is -190a - -551b?
3a11
In base 8, what is -55514414 + -5?
-55514421
In base 7, what is -221 + 11261621?
11261400
In base 9, what is 0 + 58436440?
58436440
In base 16, what is -ecee65 + -5?
-ecee6a
In base 13, what is -2c5 + 46801?
46509
In base 14, what is -204 + d2d?
b29
In base 14, what is 714 + -62bd7?
-624c3
In base 3, what is 1211102 - -101102221?
110021100
In base 9, what is 1848 - -310745?
312704
In base 14, what is -4 - 94021?
-94025
In base 13, what is a - -1837c9?
183806
In base 5, what is 344211 - -120122?
1014333
In base 3, what is 122101 - 10220101?
-10021000
In base 3, what is 20 - -1121200112002121?
1121200112002211
In base 9, what is -657401233 - -3?
-657401230
In base 2, what is 1011111001010011 - 100010010?
1011110101000001
In base 6, what is 1 - -20302451?
20302452
In base 11, what is -28380 - -437?
-27a44
In base 3, what is -12001210112222020 + 1?
-12001210112222012
In base 15, what is 25 - -755b?
7581
In base 4, what is -3230220311301 + -10?
-3230220311311
In base 6, what is -5041423 - 141?
-5042004
In base 6, what is 140132 - -120?
140252
In base 15, what is 2e70 - -3b24?
6a94
In base 12, what is 12b663b8 - -3?
12b663bb
In base 11, what is -8566 - 6383?
-13939
In base 3, what is -11221102 - 22012011?
-111010120
In base 2, what is 11111011011000001011 + 0?
11111011011000001011
In base 13, what is -18c6a39 - -22?
-18c6a17
In base 11, what is -9 + -990206?
-990214
In base 16, what is 49f39e + 7?
49f3a5
In base 11, what is -5a583a7 - 4?
-5a58400
In base 11, what is -124 + 118a6a?
118946
In base 13, what is -1a - 182bacb?
-182bb18
In base 3, what is 11021020 - -1101210?
12200000
In base 2, what is -100011100 + -110101100000?
-111001111100
In base 14, what is -3668211 + -5?
-3668216
In base 9, what is 21 + -226507?
-226476
In base 5, what is 10 - -12113120412?
12113120422
In base 4, what is 130 - -20110100002?
20110100132
In base 8, what is -261 + 104657?
104376
In base 14, what is 1c3b22 + -b?
1c3b15
In base 16, what is -1e1906f - -3?
-1e1906c
In base 15, what is -79e + -7715?
-7eb4
In base 12, what is -141202 - a07?
-142009
In base 2, what is -1101110100 - 110010000100?
-111111111000
In base 4, what is 2203133122122 + -11?
2203133122111
In base 12, what is 12050086 - 2?
12050084
In base 14, what is -2616a - 805?
-26971
In base 16, what is -45d1 - 4fb?
-4acc
In base 12, what is 20336 - -2b?
20365
In base 11, what is 4a826 - -4a?
4a875
In base 15, what is -142630eb - 0?
-142630eb
In base 7, what is -113210 - -124665?
11455
In base 7, what is -1061135 + 14332?
-1043503
In base 10, what is -52524313 + 3?
-52524310
In base 16, what is 8f9649 - d?
8f963c
In base 14, what is 24b42db0 - 3?
24b42dab
In base 13, what is 6141 + -15379?
-c238
In base 12, what is -10 + 202166?
202156
In base 9, what is 74 + -183502?
-183417
In base 8, what is 20302745 + 6?
20302753
In base 16, what is 4 + -9e772a?
-9e7726
In base 6, what is 31412142 + -4?
31412134
In base 3, what is -1001101100121201 + 11?
-1001101100121120
In base 10, what is -5 - -88782227?
88782222
In base 3, what is -11222 - -22201101110?
22201012111
In base 14, what is -5973 - 7894?
-d427
In base 6, what is -42010253104 + 1?
-42010253103
In base 8, what is -307 - 511560?
-512067
In base 7, what is 4 - -1062355?
1062362
In base 10, what is -46 - -890225?
890179
In base 11, what is 385 - -19302?
19687
In base 11, what is -2 - -280aa045?
280aa043
In base 9, what is 4 + -37887600?
-37887585
In base 2, what is -101111010010101000 + 100001101?
-101111001110011011
In base 2, what is 10110100010111010101110010 + -1?
10110100010111010101110001
In base 4, what is 2310 - 222011330?
-222003020
In base 12, what is -471 + a6b145?
a6a894
In base 13, what is 459a + -c81?
3619
In base 15, what is -6eaa + 2e7a?
-4030
In base 7, what is 2262 - -25303?
30565
In base 3, what is 1101010020 - 2102110?
1021200210
In base 16, what is 2bcdf4 + 27?
2bce1b
In base 14, what is -d - -4c6993b?
4c6992c
In base 8, what is 107626 - 120?
107506
In base 2, what is -1 + -10011101010001100100100?
-10011101010001100100101
In base 12, what is 3 + -195729?
-195726
In base 10, what is -22378647 + -5?
-22378652
In base 9, what is -2351 - 10336?
-12687
In base 13, what is -754a2 - 109?
-755ab
In base 15, what is -cc6b46 - 2?
-cc6b48
In base 8, what is -6 + -26126073?
-26126101
In base 3, what is -22102122020 + -22121?
-22102221211
In base 3, what is 1 + 20102211102101?
20102211102102
In base 11, what is -6661648 - 3?
-6661650
In base 3, what is 1210022 + 1000102011?
1002012110
In base 12, what is -b12 + -401?
-1313
In base 8, what is -31350 + 62760?
31410
In base 9, what is -1755222 - 64?
-1755286
In base 9, what is 3 - -202100036?
202100040
In base 3, what is -11121 - -10211020120122?
10211020102001
In base 15, what is -1713 - 32855?
-34068
In base 11, what is -20 + 5641a?
563aa
In base 7, what is -26051 + -5206?
-34260
In base 14, what is 794d7 - -12?
79509
In base 8, what is 2467025 - -235?
2467262
In base 7, what is -122 - -10130463?
10130341
In base 4, what is -1001021001 - 11?
-1001021012
In base 3, what is -2202122202001 + 0?
-2202122202001
In base 16, what is -41 - 27679?
-276ba
In base 4, what is 2233110110112 + -22?
2233110110030
In base 5, what is 424420 - -1014231?
1444201
In base 9, what is -243887812 + 5?
-243887806
In base 5, what is 11334000001 - 223?
11333444223
In base 12, what is 81 + -3254a?
-32489
In base 13, what is -4 - 41bbc5?
-41bbc9
In base 13, what is -11a5119 - 4?
-11a5120
In base 12, what is 412 + -b414?
-b002
In base 15, what is 221 - -7b9?
9da
In base 4, what is 1112 + 1002030312?
1002032030
In base 9, what is 461 - -543328?
543800
In base 14, what is 3b4b21b + 1?
3b4b21c
In base 14, what is 4 + b79374?
b79378
In base 16, what is 74d + -17b64?
-17417
In base 14, what is -7704 + -21c7?
-98cb
In base 9, what is 575620 + -12?
575607
In base 6, what is 1305 + -125511?
-124202
In base 8, what is 5556 + -3662?
1674
In base 6, what is 3502134 + 4131?
3510305
In base 7, what is 15315600 - 62?
15315505
In base 4, what is -3012020202123 + 1?
-3012020202122
In base 11, what is 5 - -26501888?
26501892
In base 14, what is 5 - -37acd?
37ad4
In base 11, what is 11 + -133a4436?
-133a4425
In base 3, what is -1021212000222021112 + -1?
-1021212000222021120
In base 8, what is 324347 + -4252?
320075
In base 12, what is 18 - -11680a?
116826
In base 2, what is -100 - -1010101110001110011111010?
1010101110001110011110110
In base 13, what is -13 - 1292c9?
-12930c
In base 7, what is -4645 - 206?
-5154
In base 7, what is 33 + -33361214?
-33361151
In base 5, what is -41311 + -1300?
-43111
In base 2, what is -111000 - -101000111100101001000110?
101000111100101000001110
In base 11, what is a74 - 125364?
-1243a0
In base 10, what is 200 - 145546?
-145346
In base 3, what is 10012100122 + -2002?
10012021120
In base 9, what is -10 + 3513367?
3513357
In base 7, what is 315061441 - 21?
315061420
In base 3, what is -200002 - 1210000002?
-1210200011
In base 3, what is -10212021010201 + 1020?
-10212021002111
In base 11, what is -18 - -5a58000?
5a57a93
In base 11, what is 0 + 477a812?
477a812
In base 11, what is 0 - 272628?
-272628
In base 12, what is 531566 + -28?
53153a
In base 9, what is -171 + -168025?
-168206
In base 15, what is -2 + 1903650?
190364d
In base 4, what is 2120 + 101013002021?
101013010201
In base 6, what is 4 - -121351200?
121351204
In base 13, what is -3393a8 + -8?
-3393b3
In base 8, what is -24013 - 3157?
-27172
In base 11, what is -4088 - 34?
-4111
In base 5, what is 3240 + 4201044?
4204334
In base 8, what is 21631 + 3773?
25624
In base 8, what is -1 + 41655676?
41655675
In base 7, what is 1661 - -2525430?
2530421
In base 6, what is 2520344424 - -130?
2520344554
In base 5, what is 13043043034 - 1?
13043043033
In base 8, what is 6466273 + 6?
6466301
In base 9, what is 26 - -17022182?
17022218
In base 10, what is -4522316 - -112?
-4522204
In base 11, what is -22a + 4854?
4625
In base 4, what is -32 + 131331321233?
131331321201
In base 2, what is -110000000010010 + -1000100000100?
-111000100010110
In base 14, what is -2594 + b2c6?
8b3